2 - 0). Calculate the greatest common factor of 6 and t.
6
Let d be (-13)/(2 + 42/(-18)). What is the greatest common divisor of 26 and d?
13
Let b be 18/(-12) + 14/4. Suppose -4*j - 2*g = j - 64, -40 = -b*j + 4*g. Let h be j/(-3)*(-72)/14. What is the highest common divisor of h and 36?
12
Let w = 4 - 13. Let z(x) = -x**2 - 10*x + 11. Let k be z(w). Calculate the greatest common divisor of 80 and k.
20
Suppose -7*t = -55 - 29. What is the greatest common divisor of t and 8?
4
Let u(q) = q**3 - 3*q**2 - 5*q - 17. Let o be u(7). What is the greatest common factor of 16 and o?
16
Suppose -4*g + 28 = -2*k, 5*g - k - 55 = -17. Suppose 5*t = 3*i + 73, 0 = t + i - 5 - g. What is the highest common factor of t and 2?
2
Suppose -3*w - 13 = -4*w. Suppose 0 = -3*u - 10 - 2, 0 = 2*v - 3*u - 192. Let s = 27 + v. What is the highest common divisor of s and w?
13
Suppose 3*y = -4*z + 5*y + 160, -y - 122 = -3*z. Calculate the greatest common factor of 14 and z.
14
Suppose 0 = g + 19 - 51. Calculate the highest common divisor of 48 and g.
16
Let l(n) = n**2 - 3*n - 1. Let y be l(4). Suppose -2*s + 0*s + y*i + 25 = 0, 15 = 3*i. What is the greatest common divisor of 30 and s?
10
Suppose -3*n - 32 = n + 4*g, 5*g + 25 = 0. Let o = 8 + n. Suppose -u = o - 10. Calculate the highest common factor of u and 5.
5
Suppose 0 = -0*p + p. Let o(t) = -5 - t**2 - 5*t**3 + 4*t**3 + 51 + 0*t**3. Let l be o(p). What is the greatest common divisor of l and 23?
23
Let t be -1*(-3 + 2) + 1. Suppose 3*y = -t*y + 3*b + 49, 3*b - 50 = -4*y. What is the highest common divisor of y and 44?
11
Let v be 1*((-1 - -2) + 1). Suppose v*z - 74 + 26 = 0. What is the highest common factor of z and 12?
12
Suppose -6*z + 2*z - 3276 = 0. Let t be (6/(-9))/(14/z). Calculate the highest common factor of 26 and t.
13
Let b(q) = -6 + 5 + 11 + q**2 + 5*q. Let a be b(-10). What is the highest common divisor of a and 24?
12
Let d = -52 - -142. What is the highest common divisor of 18 and d?
18
Suppose -4*c + 3*c = -112. Let g(n) be the first derivative of 7*n**2 - 1. Let w be g(1). Calculate the highest common divisor of w and c.
14
Let k be (-8)/(-6)*(3 - 0). Let u be 4/(-4) + 1 + 0. Suppose 4*d = 64 - u. Calculate the greatest common factor of d and k.
4
Suppose -9 = -4*k - l, k + 2*l - 9 = -4*k. What is the highest common divisor of k and 1?
1
Let s = 2 - -2. Let h = s + 6. What is the greatest common divisor of 90 and h?
10
Suppose 0*x - b = 4*x - 1673, 0 = 4*x - 2*b - 1682. Suppose -51 = -5*k + x. Let g = k + -44. Calculate the greatest common factor of 125 and g.
25
Let n be 15/(-5)*2/3. Let h be n/((2 - 0) + -3). Suppose -s + 2 + 0 = 0. Calculate the highest common divisor of s and h.
2
Let q(x) = -x**3 - x**2 + 5*x + 5. Suppose 3*n = -11 - 4. Let k be q(n). Let c = -13 + 29. Calculate the highest common factor of c and k.
16
Suppose -6 = m - 20. What is the greatest common divisor of m and 70?
14
Suppose -u + 2 = -0. Suppose 200 = 2*h + u*h. Calculate the highest common factor of 25 and h.
25
Let i(m) = -5*m + 3. Let x = -11 + 8. Let w be i(x). Calculate the highest common divisor of 90 and w.
18
Let p(s) = 6*s**3 - 4*s**2 + s - 4. Let j be p(2). What is the highest common divisor of j and 15?
15
Let t(y) = y**2 + y + 2. Let b be t(-3). Let f be ((-2)/(-3))/((-4)/6). Let r be f - 4/((-4)/13). What is the highest common divisor of r and b?
4
Suppose -m + 95 = -i, -m + 3*m - 192 = 3*i. Calculate the highest common factor of m and 31.
31
Let h(k) = -8*k - 1. Suppose -4*n = -3*t - 0*n - 9, -3 = t + 5*n. Let b be h(t). Calculate the greatest common divisor of b and 69.
23
Let m be (-4)/6*-3*77. What is the greatest common divisor of 22 and m?
22
Let h(w) = -2*w + 8. Let b be h(-11). Calculate the highest common divisor of b and 10.
10
Suppose -5*n = 4*k - 234 - 15, -69 = -k + n. What is the greatest common divisor of 99 and k?
33
Let b be (3 + -5)/(8/(-828)). What is the highest common factor of b and 23?
23
Let m(u) = u**3 - 7*u**2 - 5*u. Let c be m(8). What is the highest common factor of 36 and c?
12
Let k(j) = -j**3 + 6*j**2 + 6*j - 3. Let w be k(6). Suppose 3*c - 5 = -2*o + 8, -o + 14 = 4*c. What is the highest common divisor of w and c?
3
Let c(f) = 20*f**2 - f. Let b be c(-1). Let y be 0*(-2)/8*-2. Suppose -2*w + w + 231 = y. Calculate the greatest common divisor of w and b.
21
Let w(f) = 13*f + 1. Let z be w(1). Suppose 0 = 5*v + 5, -3*s + 2*v + 210 = -212. Suppose -3*d = -8*d + s. Calculate the highest common divisor of d and z.
14
Let t be 490/30 + (-1)/3. What is the greatest common factor of 144 and t?
16
Suppose 4*i = 162 + 190. Let y = 213 - 202. What is the highest common factor of i and y?
11
Suppose x = 5 + 1. Let i be (44/(-6))/((-4)/x). What is the highest common divisor of 1 and i?
1
Let y(x) = -x - 12. Let l be y(-18). Calculate the greatest common divisor of l and 30.
6
Suppose -5*a = -18 - 52. Let d = a + -3. What is the highest common divisor of d and 99?
11
Suppose -3*v + 4*v + 4 = p, -4*p - 5*v - 2 = 0. Let w(j) = 3*j**3 + 1 - p - 2*j - 3*j**2 + 3*j. Let s be w(2). Calculate the highest common factor of 26 and s.
13
Let k = 39 + -36. Calculate the highest common factor of 1 and k.
1
Suppose -9*c + 6*c + 33 = 0. Calculate the greatest common factor of 44 and c.
11
Let g = 0 - 5. Let r(m) = -22*m + 3. Let s be r(4). Let u be (-2 - 0) + s/g. What is the greatest common factor of 15 and u?
15
Let x be ((-2)/4)/((-3)/(-36)). Let i(y) = -5*y - 9. Let l be i(x). What is the highest common divisor of l and 3?
3
Suppose -7*p = -49 - 35. Calculate the highest common factor of 84 and p.
12
Let s(l) = -l**3 + 8*l**2 - 9*l + 2. Let j be s(6). Suppose 5*a = 7*a - 200. What is the greatest common divisor of a and j?
20
Let n be (-10)/20 + (-53)/(-2). What is the highest common factor of 65 and n?
13
Let i be 3 - (-1)/(-2)*2. Suppose -i*f - 3*f = 0. Suppose 3*x - 5*x - 3*s = -15, f = x + s - 10. Calculate the highest common factor of 15 and x.
15
Let x = -13 - -4. Let n(c) = -c**3 - 9*c**2 - c - 1. Let h be n(x). Calculate the highest common factor of h and 2.
2
Suppose 63 = 3*o + 4*o. Calculate the highest common factor of 27 and o.
9
Let r be 0/(3/3) - 4. Let j be 1148/16 - 1/r. What is the highest common divisor of 9 and j?
9
Let c be -2*(1 + 0) + 63. Let w = c + -39. Suppose -14*m + 66 = -8*m. What is the greatest common factor of w and m?
11
Let t be 2 + 0 - (-3 - -2). Suppose s + 53 = t*g, -g - g + 30 = -2*s. What is the greatest common factor of 57 and g?
19
Let s be 91*(1 + -2)*-1. Let y = s + -53. Let v be (4 - 1)/(-1) + 22/1. Calculate the highest common factor of v and y.
19
Let u be (304/12 - 3) + (-1)/3. Calculate the highest common factor of 22 and u.
22
Let z be 12/6*(-125)/(-2). Let u = 188 - z. Let g(n) = -n - 1. Let i be g(-8). What is the greatest common factor of i and u?
7
Suppose -x - 64 = -5*w - 4*x, 0 = -w + x + 8. What is the greatest common divisor of w and 55?
11
Suppose -d - 84 = -5*d. Suppose d = -2*k + 5*k. What is the greatest common factor of k and 7?
7
Suppose -4*l = -7*l + 729. Calculate the highest common divisor of l and 27.
27
Suppose 2*v + 2*b + 13 = -3*b, 2*b = 2*v - 22. What is the highest common divisor of v and 6?
6
Let b be 2/(9/6 + -2). Let l = 96 + b. Let p = 51 + l. What is the greatest common factor of 13 and p?
13
Let n be 110 - (3 - 3 - -2). What is the greatest common divisor of n and 12?
12
Let j(q) = -q**2 + 26*q - 12. Let w be j(6). What is the greatest common divisor of 12 and w?
12
Let d be ((-9)/(-27))/(1/12). What is the highest common divisor of d and 12?
4
Suppose 5*y - 99 = -4*l + 196, 0 = 3*y + 2*l - 175. Let g = y - 37. Suppose 0 = -2*p + 4*p - g. Calculate the greatest common divisor of 63 and p.
9
Let m(x) = 2*x**3 - 3*x**3 - 2*x + x**2 - 10*x**2 + 0*x - 10. Let r be m(-9). Let p = r + -4. Calculate the greatest common divisor of p and 6.
2
Let n be 200/12 - 2 - (-1)/3. Calculate the highest common factor of 15 and n.
15
Suppose -5*j = -0*j - 4*h - 55, 3*j + h = 16. What is the highest common divisor of j and 21?
7
Let t be ((-12)/(-9))/(2/69). Suppose 2*k + 2*w - t = -0*w, 0 = 4*k - 5*w - 137. Calculate the greatest common factor of 7 and k.
7
Let n = -36 - -52. Suppose 0 = b + b - n. Suppose -4*d - 3*r = -107 - 24, 5 = 5